ate the greatest common divisor of 468 and 34.
2
What is the greatest common divisor of 86 and 8342?
86
Calculate the highest common divisor of 669 and 72.
3
Calculate the highest common divisor of 327 and 763.
109
What is the greatest common divisor of 274 and 2?
2
What is the greatest common factor of 6 and 24?
6
Calculate the greatest common factor of 4 and 1024.
4
Calculate the greatest common divisor of 16 and 509.
1
Calculate the greatest common factor of 33 and 484.
11
Calculate the highest common factor of 4 and 96.
4
Calculate the greatest common divisor of 2340 and 15.
15
What is the highest common divisor of 70 and 1260?
70
What is the greatest common factor of 91 and 1313?
13
What is the highest common factor of 188 and 6110?
94
Calculate the greatest common factor of 905 and 8507.
181
Calculate the greatest common divisor of 27 and 2187.
27
Calculate the highest common divisor of 177 and 1357.
59
What is the highest common factor of 526 and 2?
2
What is the greatest common divisor of 114 and 95?
19
Calculate the highest common divisor of 784 and 224.
112
What is the highest common divisor of 10 and 37010?
10
Calculate the greatest common divisor of 27 and 459.
27
What is the highest common divisor of 148 and 4?
4
What is the greatest common factor of 221 and 611?
13
Calculate the greatest common divisor of 29 and 493.
29
What is the highest common divisor of 1026 and 66?
6
What is the greatest common divisor of 74 and 3071?
37
Calculate the greatest common factor of 1736 and 13144.
248
What is the greatest common divisor of 13472 and 8?
8
Calculate the highest common divisor of 23 and 184.
23
Calculate the greatest common divisor of 47 and 10669.
47
Calculate the highest common factor of 943 and 123.
41
What is the highest common divisor of 24 and 2600?
8
What is the highest common factor of 1883 and 77?
7
What is the highest common factor of 488 and 24?
8
Calculate the highest common factor of 5363 and 124.
31
What is the highest common divisor of 119 and 17?
17
What is the greatest common factor of 147 and 1519?
49
Calculate the greatest common divisor of 333 and 9.
9
Calculate the greatest common divisor of 12 and 162.
6
What is the highest common divisor of 212 and 159?
53
Calculate the greatest common factor of 2 and 142.
2
What is the highest common factor of 69 and 368?
23
What is the highest common factor of 37836 and 72?
36
What is the greatest common factor of 50 and 650?
50
What is the highest common divisor of 86 and 91246?
86
Calculate the highest common divisor of 24 and 40.
8
What is the greatest common divisor of 384 and 60?
12
What is the highest common divisor of 5434 and 19?
19
Calculate the greatest common divisor of 148 and 259.
37
What is the greatest common divisor of 108 and 84?
12
What is the highest common factor of 9070 and 90?
10
What is the greatest common factor of 925 and 37?
37
What is the highest common divisor of 55119 and 57?
57
Calculate the highest common divisor of 1558 and 19.
19
Calculate the greatest common divisor of 51 and 68.
17
What is the greatest common divisor of 25 and 1?
1
What is the greatest common divisor of 3630 and 55?
55
Calculate the greatest common divisor of 90 and 27.
9
Calculate the greatest common divisor of 266 and 3078.
38
Calculate the greatest common divisor of 32223 and 69.
69
What is the highest common factor of 26 and 1976?
26
Calculate the greatest common factor of 207 and 63.
9
What is the greatest common divisor of 70 and 70?
70
Calculate the greatest common factor of 100 and 7075.
25
What is the highest common divisor of 216 and 243?
27
Calculate the greatest common divisor of 774 and 172.
86
Calculate the greatest common factor of 28 and 196.
28
What is the highest common factor of 1950 and 240?
30
Calculate the greatest common factor of 16 and 2808.
8
Calculate the highest common divisor of 64 and 544.
32
Calculate the greatest common divisor of 19 and 2.
1
Calculate the highest common divisor of 56 and 1204.
28
What is the greatest common divisor of 88 and 22?
22
What is the greatest common divisor of 85 and 51?
17
Calculate the greatest common divisor of 3383 and 597.
199
Calculate the greatest common factor of 273 and 2541.
21
What is the greatest common factor of 6 and 94?
2
What is the highest common divisor of 400 and 32?
16
What is the greatest common factor of 44 and 113740?
44
Calculate the greatest common factor of 51 and 85.
17
What is the greatest common divisor of 24 and 248?
8
Calculate the greatest common factor of 226 and 2.
2
Calculate the highest common factor of 745 and 10.
5
What is the greatest common divisor of 361 and 19?
19
What is the greatest common factor of 85 and 20?
5
What is the highest common divisor of 2121 and 84?
21
Calculate the highest common divisor of 775 and 650.
25
What is the greatest common divisor of 24347 and 194?
97
What is the highest common factor of 1369 and 148?
37
What is the greatest common factor of 87 and 15?
3
What is the greatest common factor of 297 and 216?
27
What is the highest common factor of 2 and 298?
2
What is the highest common divisor of 364 and 28?
28
What is the highest common factor of 176 and 66?
22
Calculate the greatest common factor of 357 and 4046.
119
What is the highest common factor of 186 and 3?
3
Calculate the highest common factor of 10 and 465.
5
Calculate the greatest common divisor of 392 and 40.
8
Calculate the greatest common factor of 7871 and 17.
17
What is the highest common divisor of 665 and 245?
35
Calculate the greatest common divisor of 54485 and 85.
85
Calculate the highest common factor of 378 and 966.
42
What is the greatest common factor of 164 and 123?
41
What is the greatest common divisor of 20 and 4380?
20
Calculate the highest common factor of 9869 and 139.
139
Calculate the greatest common factor of 138 and 66.
6
Calculate the greatest common divisor of 2 and 109.
1
What is the highest common divisor of 1034 and 88?
22
What is the greatest common divisor of 84 and 966?
42
Calculate the highest common factor of 5850 and 130.
130
Calculate the highest common divisor of 7 and 23.
1
Calculate the highest common factor of 24 and 136.
8
What is the greatest common factor of 180 and 72?
36
What is the highest common factor of 128 and 16?
16
What is the greatest common divisor of 50 and 298?
2
Calculate the highest common divisor of 288 and 7416.
72
What is the highest common divisor of 10 and 3695?
5
What is the highest common factor of 4026 and 726?
66
What is the greatest common divisor of 9 and 423?
9
What is the greatest common factor of 150 and 470?
10
Calculate the greatest common divisor of 225 and 5.
5
Calculate the highest common factor of 272 and 368.
16
Calculate the highest common divisor of 96 and 536.
8
What is the highest common factor of 27 and 105?
3
What is the greatest common factor of 8 and 14?
2
What is the highest common divisor of 76 and 342?
38
Calculate the greatest common divisor of 26 and 6266.
26
Calculate the highest common factor of 32 and 10.
2
What is the greatest common factor of 9 and 63?
9
What is the greatest common divisor of 32 and 148?
4
Calculate the greatest common divisor of 3 and 24.
3
What is the greatest common factor of 35 and 21?
7
Calculate the greatest common divisor of 2812 and 608.
76
Calculate the greatest common divisor of 86 and 2.
2
Calculate the highest common factor of 108 and 135.
27
What is the highest common factor of 2340 and 5220?
180
Calculate the highest common factor of 1919 and 19.
19
Calculate the greatest common divisor of 2424 and 12.
12
What is the highest common factor of 40 and 620?
20
What is the greatest common divisor of 4 and 292?
4
What is the greatest common factor of 350 and 3050?
50
Calculate the highest common divisor of 3855 and 45.
15
What is the greatest common divisor of 16 and 848?
16
What is the greatest common divisor of 464 and 29?
29
Calculate the greatest common divisor of 12 and 41988.
12
What is the highest common divisor of 6438 and 1998?
222
Calculate the greatest common factor of 5604 and 108.
12
Calculate the greatest common factor of 68 and 493.
17
Calculate the greatest common divisor of 1159 and 38.
19
Calculate the highest common divisor of 553 and 14.
7
Wha